factors of p.
83
Let x(d) = -5*d**3 + 2*d**2 - d + 1. Let w be x(1). List the prime factors of (-3 + w - -3)*(-38)/2.
3, 19
Suppose -37*a + 27*a = -9430. What are the prime factors of a?
23, 41
Let n = 4268 + -880. What are the prime factors of n?
2, 7, 11
Let v = 11 + -16. Let c(n) = 10*n**2 + 8*n - 1. Let g(p) = p - 1. Let t(i) = v*g(i) + c(i). List the prime factors of t(-2).
2, 19
Suppose 4*b + 366 = -3*t + 1837, -t + 1107 = 3*b. List the prime factors of b.
2, 5, 37
Suppose 22*r + 8 = 24*r. Suppose 15 = r*d - d. Suppose -170 = -d*l + 175. List the prime factors of l.
3, 23
Let b(z) = -2*z**2 + 9*z - 10. Let i be b(5). Let m = 77 - i. List the prime factors of m.
2, 23
Let u(n) = -53*n + 74. List the prime factors of u(-6).
2, 7
Suppose 4*i - 5*g = 67, -i + 0*g = -4*g - 14. Let w(c) = 4*c - 48. What are the prime factors of w(i)?
2, 3
Let t = 14 - 11. Let s be t/2*(-16)/6. Let d = s + 31. What are the prime factors of d?
3
Let s(g) = -255*g + 6. Let f be s(-3). Let n be f/9 - (-4)/12. Suppose 4*i - 5*i + 4*a + n = 0, 76 = i - 2*a. What are the prime factors of i?
2, 3, 11
Let u be 51/34 + (-1)/(-2). Let k be 1 - (u - (-1 - -4)). Let v = 8 + k. List the prime factors of v.
2, 5
Let t(h) = 3*h**2 - 116*h - 67. What are the prime factors of t(56)?
5, 569
Suppose 2*l - 19 = -3. Suppose 3*w = l*w - 20. Suppose w*s - 6*s + 28 = 0. List the prime factors of s.
2, 7
Suppose -96772 = -45*i + 56498. List the prime factors of i.
2, 13, 131
Let o be (6/(-2))/((-6)/(-40)). What are the prime factors of -5*7*o/14?
2, 5
Suppose 1065 = 2*s + 3*g, -1336 = -5*s - 5*g + 1334. What are the prime factors of s?
3, 179
Suppose f + 5*k - 2 = 0, 0*f = -4*f - 5*k - 7. Let m = f - -3. Suppose m*j + 33 = j. List the prime factors of j.
3, 11
Suppose 2*x - 20 = 6*x. Suppose 3*i = -5*p + 113, -1 = -5*i + 4. Let t = x + p. What are the prime factors of t?
17
Suppose 0 = 2*a + 13 + 5. List the prime factors of (a + 85)/(2*1).
2, 19
Suppose -253*d + 237*d = -14480. List the prime factors of d.
5, 181
Let u = 10 - 6. Suppose -u*i + 2*i = c - 55, 0 = -2*c - 6. What are the prime factors of i?
29
Let u = -378 - -699. What are the prime factors of u?
3, 107
Let v = 1079 + -419. What are the prime factors of v?
2, 3, 5, 11
Suppose -302 = -l - 51. What are the prime factors of l?
251
Let v = 1516 + -1176. List the prime factors of v.
2, 5, 17
Suppose -4*t + p - 36 = -0*p, 3*p + 36 = -4*t. Let n = 32 - 20. Let h = t + n. What are the prime factors of h?
3
Let o(l) be the second derivative of 1/20*l**5 + 0 - 1/6*l**3 + 1/2*l**4 - l + 5/2*l**2. What are the prime factors of o(-6)?
11
Let h be (-16)/6*(-6)/4. Suppose 4*l = -3*z + 287, l - h*z = -2*l + 184. What are the prime factors of l/(-6)*33/(-22)?
17
Suppose 2*o = -2*n + 2, 4*o + 2*n - 12 = -0*n. Suppose -5*j - 4*a - 60 = 0, 0 = o*j - 3*a + 68 + 27. What are the prime factors of (5 + -1)/(-8)*j?
2
Let x = 1744 - 566. What are the prime factors of x?
2, 19, 31
Let j = 1480 + -306. Suppose -13*v + 1803 + j = 0. What are the prime factors of v?
229
Let b(y) = 555*y - 40. What are the prime factors of b(1)?
5, 103
Let d(i) = i**3 + 8*i**2 + 2*i - 1. Let b = 82 + -87. List the prime factors of d(b).
2
What are the prime factors of 60/35*7455/10?
2, 3, 71
Let h(w) be the first derivative of -w**4/4 - 8*w**3/3 - 5*w**2/2 + 8*w - 6. Let a be h(-7). List the prime factors of (-335)/(-10) + a/4.
2
Let k = -13 + 22. Let v = -29 - k. List the prime factors of v/(-10) - (-2)/10.
2
Let a be (-2890)/(-40) + 1/(-4). Suppose 186 = 2*v - a. List the prime factors of v.
3, 43
Suppose -24 = -9*w + 3*w. Let q(r) be the third derivative of r**4/3 + r**3/3 + r**2. What are the prime factors of q(w)?
2, 17
Let h(b) be the first derivative of -b**4/8 + 13*b**3/6 + 3*b**2/2 - 10. Let y(n) be the second derivative of h(n). What are the prime factors of y(-6)?
31
Let q(m) = -8*m - 46. Let b be q(-9). Suppose 0 = y - 2*o - b, -y + 7 + 7 = o. What are the prime factors of y?
2, 3
Suppose 4*x + 47 = -249. Let a = 15 - x. List the prime factors of a.
89
Let o = 14 + -10. Suppose o*s + 0*s = 288. List the prime factors of s.
2, 3
Let r(b) = b**2 + 9*b + 16. Suppose w = -4*w - 30. Let n be r(w). What are the prime factors of (0 - 26)/(2/n)?
2, 13
Let o(q) = -q**3 - 14*q**2 - 3*q - 3. Let m be o(-14). Suppose -2*x + 3*z - 59 = 0, -5*z + 4*z + 3 = 0. Let c = x + m. What are the prime factors of c?
2, 7
Let q(r) = 2*r**3 - r**2 + r + 1956. List the prime factors of q(0).
2, 3, 163
Let r be (-16)/28 + (-1024)/(-28). Suppose 2*o = -r - 0. List the prime factors of (6/(-4))/(o/168).
2, 7
Suppose -2*h = 4*g - 0*g - 4, -h = 3*g - 1. Suppose -3*o = 4*f - 485 + 133, h*f - 344 = -5*o. List the prime factors of f.
7, 13
Let y(w) = -3*w - 1. Let i(q) = 2*q. Let a(u) = 5*i(u) + 4*y(u). Let t be a(-4). Suppose g + g + 4 = 0, -t*g - 146 = -3*p. What are the prime factors of p?
2, 23
Let p(o) = -74*o - o**2 + 69*o + 2*o**2 - 18. Let s = 6 - -2. List the prime factors of p(s).
2, 3
Let o(a) = a**3 - 3*a**2 - 4*a + 6. Let k be o(4). Let l(g) = 7*g - 22. What are the prime factors of l(k)?
2, 5
Suppose -3*l = -6*l + 27. Let s = l - 7. Suppose -s*j + 9 = -3. What are the prime factors of j?
2, 3
Let k be 5 - (4 - (2 - 2)). Let m be 3/(-3) + 10/k. Let o = m + 11. What are the prime factors of o?
2, 5
Suppose 32*i + 4 = 33*i. Suppose 734 = i*o + 46. What are the prime factors of o?
2, 43
Suppose -31*q = -26*q + 5. Suppose h - 22 = 5*i, -1 = h + 2. List the prime factors of q*(4 + i - 38).
3, 13
List the prime factors of ((-1)/6)/(1 - (-6717)/(-6714)).
373
Let v be (2 - -48) + 6/3. Suppose -2*j + 2*b - 5 = -57, -2*j = -b - v. Suppose -2*p - j = -4*k, 2*k + k - 26 = -5*p. What are the prime factors of k?
7
Let u = 15 - -9. Let x = u + 68. Suppose -5*r + x = t, 0*r - 5*r + 80 = 5*t. What are the prime factors of r?
19
Let v = 32 - 26. Suppose v = 3*a, -133 = -5*t + a - 0*a. What are the prime factors of t?
3
Let v(b) = 55*b + 191. List the prime factors of v(12).
23, 37
Suppose w - 675 = 377. List the prime factors of w.
2, 263
Let i(g) = -g**2 - 35*g + 103. What are the prime factors of i(-20)?
13, 31
Suppose -2*r = -5*z + 35, 5*z - 3*z - 2*r = 20. List the prime factors of 0/2 + (z + -81)/(-1).
2, 19
Let k(t) = t**3 + 10*t**2 + 10*t + 17. Let b be k(-9). Suppose 0 = 2*j + b*j - 2590. List the prime factors of j.
7, 37
Let v be (1 + 0)*(7 + -4). Let r(y) = -12*y + 5. Let h(g) = 36*g - 15. Let a(d) = 3*h(d) + 8*r(d). What are the prime factors of a(v)?
31
Let r(q) = q**2 - 5*q + 4. Let v be r(4). Suppose 4*u = 5*z + 3, v + 1 = -3*z + 2*u. Let d(h) = 24*h - 1. List the prime factors of d(z).
23
What are the prime factors of (289/4)/((-5)/(-200)) + -3?
2887
Let l be -2 - (3 + -3 + -4). Suppose -l*i = 3*k - 24, 22 = 4*k - i - 21. What are the prime factors of (4/k)/((-7)/(-420))?
2, 3
Let i(d) = 5*d**3 + d**2 - d + 1. Let b be i(1). Suppose 406 - 82 = b*h. List the prime factors of h.
2, 3
Suppose 0 = 8*x - 6*x. Suppose 4 = -x*r - r. Let b(n) = n**3 + 7*n**2 - n + 7. List the prime factors of b(r).
59
Suppose 4802 = -18*z + 20*z + y, 4*y + 7214 = 3*z. What are the prime factors of z?
2, 1201
Let r = -26 - -28. Suppose -5*a = -5, 0 = -2*m + 3*m + r*a - 7. What are the prime factors of (1 + m + 1)/1?
7
Suppose -s - 3 = -7. Suppose -1 = s*g - 9. List the prime factors of 161/g - 15/(-10).
2, 41
Let w(b) be the first derivative of 21*b**2 + 2*b + 4. What are the prime factors of w(2)?
2, 43
What are the prime factors of (-242568)/(-74) + 108/1998?
2, 11, 149
Let n(d) = -4*d + 3. Let l be n(0). Suppose -c = 0, 4*m - l*c - 372 = m. List the prime factors of m.
2, 31
Suppose -96 - 24 = 5*b. Let v = -8 - b. List the prime factors of -13 + v + -1 + 14.
2
Suppose -166 - 332 = -2*u - 4*s, 2*s + 6 = 0. Suppose 3*a - 8*a + u = 0. List the prime factors of a.
3, 17
Let c(f) = 2*f**3 - 8*f**2 + f - 4. Let m be c(4). Suppose -59 - 176 = -5*j. Suppose -g + 3*s - 5*s = -j, -g - 5*s + 53 = m. List the prime factors of g.
43
Suppose -8 = 3*x + x. List the prime factors of -1086*(-3)/30 + x/(-5).
109
Let v = -22 - -109. Suppose 7*c - 1263 = -v. List the prime factors of c.
2, 3, 7
Let j(n) = 8*n**2 - 5*n - 4. Suppose 11 + 8 = -x + 5*s, 0 = -x + 3*s - 13. What are the prime factors of j(x)?
2, 3
Let g(b) 